*a**2 - 149*a + 33. Calculate k(-2).
23
Let o(s) = 4392*s - 67828. Determine o(15).
-1948
Let n(h) = -h**3 - 36*h**2 - 5432*h - 216372. What is n(-39)?
39
Let v(p) = -3*p**3 - 148*p**2 - 542*p - 3773. Give v(-46).
-1
Let s(f) = 23*f**2 + 1102*f + 13085. Calculate s(-23).
-94
Let f(a) = -478342*a - 1913375. Determine f(-4).
-7
Let n(v) = -3*v**3 + 315*v**2 + 961*v + 1182. Calculate n(108).
-6
Let z(v) = -6*v**3 + 2222*v**2 - 74592*v - 8. Calculate z(333).
-8
Let q(p) = -3*p**3 + 334*p**2 - 765*p + 360. Calculate q(109).
142
Let d(t) = -447*t**2 - 3300*t + 2217. Give d(-8).
9
Let w(x) = 473*x**2 - 696*x - 1407. Determine w(-2).
1877
Let m(l) = -45*l + 107. Give m(-5).
332
Let k(h) = -2*h**2 - 2139*h - 82130. Give k(-40).
230
Let j(f) = -68085*f + 340397. What is j(5)?
-28
Let a(d) = 46*d + 8549. Determine a(-185).
39
Let t(d) = -d**2 - 2970*d - 1927497. Give t(-958).
-1
Let y(v) = 6616*v - 6044. Give y(1).
572
Let a(c) = -186730*c + 8029382. What is a(43)?
-8
Let n(j) = 2*j**2 - 377*j + 16713. Determine n(119).
172
Let f(p) = 327*p - 48770. Determine f(149).
-47
Let y(m) = 5*m**2 + 345*m - 107. What is y(-70)?
243
Let a(c) = -4*c**2 + 318*c + 4394. Give a(-12).
2
Let r(z) = 2244*z + 87573. Determine r(-39).
57
Let k(b) = -8*b**2 + 518*b + 33495. What is k(-40)?
-25
Let i(s) = 9*s**3 - 30*s**2 - 2*s - 3. Calculate i(-3).
-510
Let m(p) = p**2 - 343*p + 28689. Give m(160).
-591
Let d(u) = -5680*u - 39804. Give d(-7).
-44
Let i(z) = z**3 + 12*z**2 + 24*z + 100. Determine i(-7).
177
Let z(d) = -11*d**3 - 73*d**2 + 229*d - 7. Calculate z(3).
-274
Let j(l) = -430*l - 9463. What is j(-22)?
-3
Let r(n) = n**3 + 88*n**2 - 370*n + 485. What is r(-92)?
669
Let x(w) = w**3 + 154*w**2 + 581*w - 91. Determine x(-4).
-15
Let s(f) = -778*f - 260659. Determine s(-334).
-807
Let p(t) = 138*t**2 - 22909*t + 159. Give p(166).
-7
Let t(f) = 1752925*f - 15776327. Give t(9).
-2
Let n(y) = 507*y + 16118. Calculate n(-29).
1415
Let s(d) = -d**2 + 8987*d - 98743. What is s(11)?
-7
Let w(a) = 1366*a - 5864. Give w(4).
-400
Let f(d) = 15*d**2 - 295*d + 1314. What is f(13)?
14
Let z(o) = 451*o**2 - 7579*o + 38. What is z(17)?
1534
Let b(s) = -3*s**3 + 13*s**2 + 85*s - 22. What is b(-5)?
253
Let w(y) = 2935*y - 334584. Give w(114).
6
Let b(o) = 2797*o - 17953. What is b(7)?
1626
Let y(o) = -146201*o + 21783952. Determine y(149).
3
Let d(b) = -b**3 - 37*b**2 + 78*b + 4132. Determine d(-36).
28
Let d(u) = -2*u**3 + 23*u**2 + 498*u - 4221. What is d(8)?
211
Let p(u) = -220*u + 4449. Calculate p(20).
49
Let s(z) = 5442148*z - 32652889. Determine s(6).
-1
Let o(f) = f**3 - 181*f**2 - 139*f - 8623. What is o(182)?
-797
Let n(v) = -292*v + 57843. Calculate n(198).
27
Let z(o) = 75*o - 1060. Determine z(25).
815
Let k(j) = j**3 + 320*j**2 + 41*j + 13154. What is k(-320)?
34
Let q(x) = -147*x + 140380. Determine q(955).
-5
Let z(n) = 31496*n - 62966. What is z(2)?
26
Let a(j) = 13*j**2 - 312*j + 453. Determine a(18).
-951
Let s(g) = g**3 - 33*g**2 + 185*g - 6359. Determine s(33).
-254
Let p(l) = l**2 + 201879*l - 1211351. Calculate p(6).
-41
Let m(n) = 2714*n - 40680. What is m(15)?
30
Let p(w) = -53873*w + 1023563. Calculate p(19).
-24
Let w(x) = -2*x**3 - 37*x**2 + 14534*x - 91. What is w(-95)?
4
Let r(a) = 5*a**3 + 1101*a**2 - 1936*a + 13770. Give r(-222).
6
Let w(b) = -13*b**2 - 2076*b + 22067. Calculate w(10).
7
Let s(c) = -3887*c - 54362. What is s(-14)?
56
Let h(u) = 180657*u - 12284689. What is h(68)?
-13
Let t(d) = -7*d**2 + 5570*d + 6878470. What is t(1466)?
-2
Let m(g) = 46*g**2 + 43006*g + 43007. Give m(-1).
47
Let j(t) = t**3 + 72*t**2 + 1157*t + 1459. Calculate j(-49).
-11
Let y(t) = -199*t - 20750. Determine y(-106).
344
Let y(v) = -68*v**2 - 1580*v - 10. Calculate y(-23).
358
Let j(f) = -2978*f - 196543. Calculate j(-66).
5
Let t(v) = 2946*v - 436005. Give t(148).
3
Let z(q) = -1174*q + 1034. Calculate z(1).
-140
Let u(l) = -30681*l + 3436304. Calculate u(112).
32
Let a(r) = -r**3 + 47*r**2 + 86*r + 647. Calculate a(49).
59
Let u(t) = -1458*t + 549. What is u(0)?
549
Let c(b) = 22982*b + 68228. What is c(-3)?
-718
Let a(k) = -47*k**2 + 28*k + 256. Give a(10).
-4164
Let g(t) = -3*t**3 - 457*t**2 - 149*t + 768. Give g(-152).
312
Let l(g) = -g**3 + 61*g**2 - 421*g + 4953. Calculate l(55).
-52
Let i(l) = -l**2 + 255*l - 15045. Give i(164).
-121
Let c(k) = -k**2 + 786*k + 5590. Determine c(-7).
39
Let o(n) = -17*n + 1324. Determine o(49).
491
Let g(i) = -2*i**3 + 18*i**2 + 93*i - 54. Determine g(-6).
468
Let r(y) = -867*y - 425702. Give r(-491).
-5
Let w(j) = -122329*j + 1467955. Calculate w(12).
7
Let d(x) = -x**2 - 527*x - 45914. What is d(-417)?
-44
Let i(n) = 5*n**2 + 18*n - 9916. What is i(43)?
103
Let y(j) = 5*j**3 - 1075*j**2 - 8*j - 322. Give y(215).
-2042
Let b(n) = 9401*n + 169221. Calculate b(-18).
3
Let c(r) = -r**2 - 3291*r - 110763. Give c(-34).
-25
Let g(a) = 573011*a + 7449153. Give g(-13).
10
Let s(h) = -h**2 - 289*h - 18183. Calculate s(-97).
441
Let z(h) = -h**2 - 252*h + 85884. Give z(-445).
-1
Let c(u) = 6*u**3 - 56*u**2 + 47*u + 142. Calculate c(8).
6
Let x(h) = 114660*h + 229404. Calculate x(-2).
84
Let i(r) = -133366*r - 3600888. Calculate i(-27).
-6
Let l(h) = -h**3 + 570*h**2 + 8193*h - 9913. What is l(584)?
15
Let u(h) = -32*h**2 - 6256*h - 3091. Give u(-195).
29
Let y(z) = z**2 - 72*z - 4273. What is y(-40)?
207
Let y(m) = 2*m**2 + 247*m - 5118. Give y(19).
297
Let w(p) = 6*p**2 + 20*p - 127. Determine w(0).
-127
Let j(q) = q**3 - 33*q**2 + 266*q - 412. Calculate j(7).
176
Let s(r) = r**3 + 45*r**2 + 169*r - 1108. Calculate s(-40).
132
Let i(l) = -l**3 + 15*l**2 + 331*l - 4395. Give i(12).
9
Let d(t) = -17481*t - 821613. Calculate d(-47).
-6
Let a(r) = r**3 + 13*r**2 + 4579*r + 54924. Determine a(-12).
120
Let b(y) = -y**3 + 215*y**2 + 1580*y - 201874. What is b(218)?
-6
Let g(q) = 174*q**2 + 91865*q - 3693. What is g(-528)?
3
Let v(x) = 2*x**3 + 14*x**2 + 396*x + 1492. Calculate v(-4).
4
Let k(o) = -4857*o - 806260. What is k(-166)?
2
Let x(a) = 2*a**3 + 222*a**2 - 92*a - 10374. Determine x(-111).
-162
Let v(g) = -150*g - 2101. Calculate v(-11).
-451
Let q(d) = -11564*d + 1561143. Determine q(135).
3
Let b(o) = -44*o**2 + 73*o + 334. Determine b(-3).
-281
Let z(f) = -15*f**2 - 95*f + 13. Calculate z(-6).
43
Let m(f) = -8*f**3 - 260*f**2 - 118*f + 333. Calculate m(-32).
13
Let d(u) = 19*u**3 + 5*u**2 - 821*u - 4106. Determine d(-5).
-2251
Let s(h) = -31*h**2 - 154*h + 17. Give s(-9).
-1108
Let q(f) = 48*f**2 + 1117*f + 2226. What is q(-2)?
184
Let u(y) = -2*y**2 - 11808*y - 931836. Determine u(-80).
4
Let w(f) = -95*f**2 - 10643*f - 334. What is w(-112)?
2
Let j(h) = 11*h**3 - 216*h**2 - 433*h + 8. Give j(-2).
-78
Let c(y) = y**3 - 6*y**2 + 2485*y - 4944. What is c(2)?
10
Let p(d) = -18792*d - 319468. Give p(-17).
-4
Let h(f) = 3*f**3 - 1314*f**2 - 1368*f + 22407. Give h(439).
18
Let h(d) = 1476*d - 3523. What is h(4)?
2381
Let z(a) = -a**3 + 79*a**2 - 154*a - 23. Give z(77).
-23
Let f(p) = p**2 + 188*p - 3118. What is f(-202)?
-290
Let p(r) = -r**3 + 208*r**2 - 449*r + 7613. Calculate p(206).
-9
Let r(i) = -i**3 - 154*i**2 + 796*i + 121. Give r(-159).
-38
Let d(w) = 2*w**3 - 17*w**2 - 9*w + 34. Determine d(7).
-176
Let b(d) = -d**2 - 3887*d - 23285. Determine b(-6).
1
Let o(r) = -r**3 + 2*r**2 - 83*r + 445. Give o(6).
-197
Let a(j) = 6*j**3 - 42*j**2 - 4347*j + 30417. Give a(7).
-12
Let s(j) = -1597*j**2 + 43011*j + 2919. What is s(27)?
3
Let f(c) = 3*c**3 + 291*c**2 + 291*c + 439. Determine f(-96).
151
Let v(i) = 99*i**2 + 1053*i - 189. Calculate v(-11).
207
Let a(p) = 7*p**3 + 263*p**2 + 1554*p - 803. What is a(-8)?
13
Let p(k) = -2*k**3 - 23*k**2 - 108*k - 1708. Give p(-13).
203
Let q(f) = 373442*f + 2. Calculate q(0).
2
Let l(z) = -z**2 - 2035*z + 78776. Determine l(38).
2
Let q(n) = 4113*n + 41877. Determine q(-10).
747
Let b(a) = -4*a**2 - 202*a - 101. Determine b(-54).
-857
Let s(v) = 8711*v - 113199. Give s(13).
44
Let k(s) = s**3 - 34*s**2 - 180*s + 117. Calculate k(-5).
42
Let y(z) = 2*z**3 + 255*z**2 + 3847*z - 420. Give y(-110).
-90
Let m(z) = -z**3 - 28*z**2 + 104*z - 68. Determine m(-32).
700
Let c(l) = -l**3 + 90*l**2 - 271*l + 625. Calculate c(87).
-245
Let t(w) = -6*w**3 - 494*w**2 + 314*w - 1388. Calculate t(-83).
106
Let 